69*p. What is the tens digit of u(-1)?
5
Suppose -2*d + 57666 = 3*t, -t + 2*t - 5*d - 19188 = 0. What is the tens digit of t?
1
Let t(w) = 15 + 3*w - 4*w + 9. Let h be (((-3680)/(-200))/((-4)/(-10)))/(-2). What is the units digit of t(h)?
7
Let o(q) = -20*q**2 - 328*q + 17. What is the hundreds digit of o(-16)?
1
Let t = -156 - -83. Let j = t + 75. Suppose -6*p = j*l - 2*p - 260, 0 = 2*l - 4*p - 284. What is the tens digit of l?
3
Let q(f) = -f**2 - 20*f - 5. Let p be q(-20). Let c be 3 + -73*(p + 4). Suppose -20*y = -19*y - c. What is the units digit of y?
6
Let m = -28 - -35. Let a = m - 7. Suppose -2*j + v + 108 = 0, a*v - 3*v - 220 = -4*j. What is the units digit of j?
2
Suppose 0 = -3*r + 12*r - 873. Suppose -4*f + r + 109 = -3*y, 2*y - 4 = 0. Let o = 118 - f. What is the tens digit of o?
6
Let t(w) = 33*w - w**3 - 28 + 15*w**3 + 0*w**3 - 7*w**3 + 22*w**2 - 6*w**3. What is the units digit of t(-17)?
6
Let q = -5 - 35. Let n = q + 20. Let m = n + 81. What is the units digit of m?
1
Suppose -42 = -5*d + 2*d. What is the hundreds digit of -2*(-32 + 3)/(4/d)?
2
Let z(y) = 631*y**2 - 128*y - 441. What is the hundreds digit of z(-5)?
9
Let w(t) = -7*t**2 - 6*t - 20. Let f be w(8). Let z = f + 763. What is the tens digit of z?
4
Let l(j) = j**2 - 8*j + 3. Let a be l(8). Let c(h) = 56 - 6*h + 12*h**2 - 77 + 24*h - h**a. What is the hundreds digit of c(12)?
1
Let z be 9*(63/(-7) - -54). Suppose z*t = 413*t - 9648. What is the tens digit of t?
0
Let l be 8/(-6)*-3 + -1 - 12. What is the tens digit of ((-3)/(-2))/(l*(-3)/10206)?
6
Let o(v) = v**2 + 7*v + 8. Let p be o(-6). Let y be 4876/24 + p*2/(-24). Let b = y - -50. What is the tens digit of b?
5
Let k(g) = -g + 51. Let b be (-16)/9 - 2/9 - -46. Suppose -2*o - b = -12. What is the tens digit of k(o)?
6
Let a be (240/14)/(10/((-350)/(-5))). What is the thousands digit of 21*18*1*a/36?
1
Suppose 4*t - 3*r = 2*r + 3, -2*r = 2*t + 12. Let q be ((-51)/t)/((-3)/(-9)). Let h = q + -30. What is the tens digit of h?
2
Let u(h) = -6*h - 113. Let r be u(-21). What is the tens digit of (3/2)/(((-156)/(-3056))/r)?
8
Suppose -4*w - 39 = -3*n, -3*n + 39 = w + 4*w. Let k(a) = 2*a - 24. Let i be k(n). Suppose 3*q = i*t + 43, 4*q - 5*t - 26 = 43. What is the units digit of q?
1
Suppose 2*s = -4*x + 13126, 41*s - 36*s - 32864 = -3*x. What is the thousands digit of s?
6
Let z(m) = m + 17. Let k be z(-6). Let l(f) = 37*f**2 + 4*f + 3. Let v be l(-2). Suppose -v = -k*s + 165. What is the tens digit of s?
2
Let g(u) = u**3 - 6*u**2 - 2*u**3 - 8968*u + 2*u**2 + 8959*u - 21. Suppose 0 = -y - 2 - 3, 2*v + 7 = y. What is the units digit of g(v)?
5
What is the thousands digit of 25498*1/5 + 6*(-6)/(-90)?
5
Suppose 0*o - 2*o = -6. Suppose 12 = 4*t, -o*y = -7*y - 5*t + 759. What is the units digit of y?
6
Suppose -18*t + 9*t + 162 = 0. Suppose -11*v - 21 = -t*v. Suppose 0 = 2*r + v*k - 166, 3*r + 328 = 7*r + 4*k. What is the tens digit of r?
8
Suppose -3*g + 4*p = -13, 3*g + 3*p - 4 - 2 = 0. Suppose 4*j - 2044 = -2*s + 2116, -5*s = g*j - 3120. What is the units digit of j?
0
Let j(z) = -450*z + 244. What is the thousands digit of j(-7)?
3
Let v = -46 - -79. Suppose -v*n + 1539 = -30*n. Suppose -7*d = 2*d - n. What is the tens digit of d?
5
Let f(h) = h**3 - 25*h**2 + 25*h - 22. Suppose 3*y - 4*o - 60 = 0, 0 = -0*o + 5*o - 15. Let w be f(y). Suppose 188 - 46 = w*g. What is the units digit of g?
1
Let r(d) = -d**3 + d**2 + d + 18. Let n be r(0). Let w(h) = -7*h**3 - h**2 - 11*h - 27. Let t be w(-2). Let o = n + t. What is the units digit of o?
5
Let x(h) = -1499*h - 2238. What is the units digit of x(-13)?
9
Let a be -3*19*(-3 - (-440)/24). Let j = a + 1253. What is the units digit of j?
9
Let z(l) = -7*l**3 - 8*l**2 + 11*l + 6. Let g(k) = 13*k**3 + 14*k**2 - 21*k - 13. Let m(o) = -6*g(o) - 11*z(o). What is the tens digit of m(-3)?
6
Suppose -32*y = 36*y + 23*y - 4717986. What is the units digit of y?
6
Suppose -4*r + 412 = -2*y, 3*r - 4*y = -r + 408. Let t = r + -87. Suppose 4802 = t*h + 1249. What is the tens digit of h?
0
Let b(k) = -53*k**3 + k**2 - k + 5. Let x(f) = 27*f**3 - 2. Let s(l) = 2*b(l) + 5*x(l). Let q be (-2)/(-1)*(-2)/(-4). What is the units digit of s(q)?
9
Suppose 5*j = 2375 - 390. Let g be 1 - -574 - (5 - (10/1 + -7)). Let h = g - j. What is the units digit of h?
6
Suppose 26*p + 279 = -449. What is the hundreds digit of p/70 + (-662)/(-5)?
1
Suppose -8*a = 5*a - 598. Suppose -25 = 7*j - a. What is the hundreds digit of (-1)/((j/(-6))/(-1)) - -177?
1
Suppose 0*z = 5*z + x - 372, 0 = -4*z + 4*x + 312. Suppose 20*y - 15*y = z. Suppose -5*o = 5*g - y, 9 = 5*o + 3*g - 8. What is the units digit of o?
4
Let l be ((-14)/21)/(1/(-180)). Let w = l + 65. Let s = -80 + w. What is the units digit of s?
5
Suppose b + 4845 = 2*o - 0*b, -b + 2415 = o. Suppose 12*u - 2*u = o. What is the units digit of u?
2
Suppose 5*m + 268 = 423. Let c(q) = -7*q - 5. Let u be c(-5). Let j = m - u. What is the units digit of j?
1
Let f(s) = 428*s + 2128. What is the hundreds digit of f(9)?
9
What is the thousands digit of (-23 - (-11 - 32)) + 3664?
3
What is the thousands digit of (-15375360)/(-216) - (392/630 - 2/5)?
1
Let s = 49034 + -28850. What is the thousands digit of s?
0
Let n = 269 - 229. Suppose -15 - n = -q. What is the units digit of q?
5
Let h(j) be the first derivative of -j**4/4 + 10*j**3 - 10*j**2 - 95*j - 115. What is the units digit of h(29)?
6
Suppose -3532 = -2*l + 4*z, -3*z = 6 - 0. What is the tens digit of ((-3*l)/6)/(-1)?
8
Suppose 3322*k - 159139 = 3257*k + 7976. What is the hundreds digit of k?
5
Let j = -78649 - -114594. What is the units digit of j?
5
Suppose 9*j - 199 - 134 = 0. Suppose 33*x - j*x = -2984. What is the units digit of x?
6
What is the hundreds digit of 20/(-6)*36/(-60)*17909?
8
Let d(r) = -14*r - 207. Let f be d(-15). What is the units digit of f/(-10) - (-48211)/370?
0
Let q be (2/5)/((-7)/(-35)) - 13. Let l be -1 + 30 + q + 16. Suppose u - h - l = -4*h, -5*u + 246 = -4*h. What is the units digit of u?
6
Let j = 37335 + -34883. What is the units digit of j?
2
Let g be 6/26 + 12669/533. Suppose 0 = g*h - 45*h + 41790. What is the units digit of h?
0
Let k(v) be the third derivative of -29*v**5/30 + 5*v**4/24 + 7*v**3/6 - 10*v**2. Let d be k(-2). What is the units digit of (-3 - d) + -1 + 0?
1
Suppose -4243 - 4899 = -2*o - v, -3*v = -6. What is the units digit of o?
0
Suppose -6347 = -16*m + 5*m. Let y = m - 210. What is the tens digit of y?
6
What is the hundreds digit of (22/3)/((-2)/(-3))*(7097 + -524)?
3
Let n = -2479 - -5535. What is the hundreds digit of n?
0
Let m = 35 - -17. Suppose -2*h = -4*h - m. Let t = h - -57. What is the units digit of t?
1
Suppose -3*z = -5*m + 5, 5*m + 25 = 2*z - 5*z. What is the hundreds digit of ((-3)/(z + 11))/((-2)/1300)?
3
Let o(n) = -n**3 + 30*n**2 + 64*n - 23. Let z be o(33). Let m = 2564 + z. What is the hundreds digit of m?
3
Suppose -11*c - 171 = -20092. What is the units digit of c?
1
Let d(t) = 40*t - 49*t - 39*t - 52*t + 172. What is the hundreds digit of d(-8)?
9
Let u = 30227 - 3025. What is the hundreds digit of u?
2
Let m be 20*(10/(-25))/((-8)/10). Suppose x = -x + m. Suppose 13*k - x*k - 496 = 0. What is the units digit of k?
2
What is the units digit of ((-720)/54)/(-20) + (-12880)/(-3)?
4
Suppose -12*z + 16 = -4*z. Suppose 4*t - t + z*j + 2 = 0, 3*j = -5*t - 4. What is the tens digit of (5/((-5)/(-9)))/(t/(-12))?
5
Suppose 4 = -3*c - 2. Let j be -12*(3 - (-7)/c). Suppose 4*d + 44 = 4*m - 0*d, 2*m = -5*d - j. What is the units digit of m?
7
What is the units digit of 7836*(-15)/(-180)*(-1 - -16)?
5
Let x(j) be the first derivative of -j**4/4 - 11*j**3/3 + j**2/2 + 4*j + 6. Let t be x(-11). Let s = t - -16. What is the units digit of s?
9
Let r(s) = 14*s - 83. Let h be r(16). Suppose c + k - 172 - h = 0, 3*c - 947 = -k. What is the units digit of c?
7
Let h be (-78)/(-65)*(-105)/(-9). Suppose 4*j - 67 = 165. Suppose -m = h - j. What is the units digit of m?
4
Suppose 7*b + 58026 = 3*c + 6*b, -12 = -2*b. What is the hundreds digit of c?
3
Let b(r) = 2 + 0 + 5 + 22*r - 9*r. Suppose 5*c - 13 = 4*v, 7*v - c - 10 = 2*v. What is the tens digit of b(v)?
4
Let s = 387 + -386. What is the thousands digit of 6/s*-1 - (-1873 - -22)?
1
Let g = 106 + -